h(k) = -k**3 + 9*k**3 - 3*k - k**2 + 2*k - 1. Let r be 11/(-44) + (-57)/12 - -4. Give h(r).
-9
Suppose g + 2*f - 74 = 0, 4*g - 2*f + 1 = 287. Let h(s) = 0*s + g - s - 70. Determine h(2).
0
Let l = -2 + 6. Let j = -4 + l. Suppose j*v = 2*v. Let h(c) = c + 8. Calculate h(v).
8
Let m(i) = i**2 - 2*i + 1. Suppose -12 = -0*c - 4*c. Determine m(c).
4
Let o = 23 + -27. Let g(j) = -j**2 - 3*j + 3. Determine g(o).
-1
Let b(j) be the third derivative of 0 - 1/120*j**6 + 1/60*j**5 + 0*j + j**2 + 1/12*j**4 + 1/6*j**3. Calculate b(-1).
1
Let i = -38 - -18. Let f be 5*2*6/i. Let o(t) = t**3 + 4*t**2 + 2*t. What is o(f)?
3
Let x(h) be the first derivative of -h**5/20 - h**4/3 - h**3/2 - 2*h**2 + 5*h - 3. Let d(p) be the first derivative of x(p). Calculate d(-3).
-4
Let z(n) = n**2 + 3*n. Let k(p) = 2*p**2 + 5*p. Let u(a) = -4*k(a) + 7*z(a). What is u(0)?
0
Let w = 2 + 3. Suppose 3*z = -5*u + 3, 3*u - 2*z + w*z - 3 = 0. Let x(l) = -5 + l**2 + 188*l + 8 - 187*l. Calculate x(u).
3
Let y(k) = k + 2 - k**2 - 3*k + k. Suppose 8 = -3*i + 2*b, -4*i = 5*b - b - 16. Calculate y(i).
2
Let o(k) = k + 7. Let m be o(-6). Let c be 1*(-4)/(m - 3). Let y(u) = 2*u + 3*u**c + 5*u - 7 - 2*u**2 - 2*u. What is y(-6)?
-1
Let k be -6 - 3/6*0. Let n(r) = r + 1. What is n(k)?
-5
Let n(a) = 2*a - 6. Suppose 9*g = -10 + 46. Give n(g).
2
Let c be (-3)/(-6)*38 + -2. Suppose 5*k - c = d + 3, 5*k = 3*d + 10. Suppose -4*a - t = t, 0 = -k*a + t. Let l(x) = x - 10. Determine l(a).
-10
Let j(v) = -v**3 + 2*v**2 - 3*v + 2. Suppose 2*b = 3 - 7. Let h be 1/b*-2*3. Let m be 2/((2 - -1)/h). Calculate j(m).
-4
Let c(w) = -w**2 - 12*w - 7. Let v be c(-11). Let g(i) = -i**3 + 4*i**2 - i - 1. What is g(v)?
-5
Let g(q) = -6*q - 54. Let p be g(-10). Let z(m) = -m**2 + 1. Let b(u) = -3*u**2 - 7*u + 4. Let v(r) = b(r) - 4*z(r). Determine v(p).
-6
Let t(u) = u**3 + 8*u**2 + 4*u + 8. Let a be (-1560)/216 + (-2)/(-9). Calculate t(a).
29
Let p be 1 - 9/(6 - 3). Let a be ((-1)/p)/((-4)/24). Let j(k) = k**2 - 1. Let u(l) = -5*l**2 - 3*l + 1. Let r(b) = -4*j(b) - u(b). Calculate r(a).
3
Let s = -8 - -4. Let i(q) = -2*q + 2*q + q**2 + 4*q. What is i(s)?
0
Let o be (-1)/(4/(-3) - -1). Let p(y) = o*y + 3*y**2 + y**2 + 3 - 2*y**2 - y**2 - y**3. Give p(3).
-6
Let l(j) be the first derivative of -4*j**2 - 1 - 5/3*j**3 - 13*j. Let i(f) = 2*f**2 + 4*f + 6. Let c(g) = -7*i(g) - 3*l(g). What is c(-2)?
9
Let z = 8 - 14. Let l(b) = b**3 + 7*b**2 + 7*b + 7. What is l(z)?
1
Suppose 4*z + z + 120 = 0. Let k be 2/2*z/(-6). Let a(r) be the first derivative of r**3/3 - 3*r**2 - 5*r - 5. What is a(k)?
-13
Let u(o) = -2*o**3 + o**2 + 4*o + 5. Let l(j) = -j**3 - j**2 + 1. Let t be (-2 + 0)/((-6)/9). Let k(a) = t*l(a) - u(a). What is k(-2)?
-2
Let c(n) = 3*n**2 + 9*n + 270 - 4*n**2 - 267. What is c(9)?
3
Let u(s) be the third derivative of -s**5/120 + 5*s**4/24 + s**3/6 - s**2. Let k(g) be the first derivative of u(g). Determine k(3).
2
Let x = 15 - 12. Let h(b) = -b**2 + 5*b - 4. Calculate h(x).
2
Let i(z) be the third derivative of z**6/120 + 7*z**5/60 + 7*z**4/24 + 4*z**3/3 + 9*z**2 + 1. Calculate i(-6).
2
Let i(g) = -3*g**2 - 7*g - g**2 + 5*g**2. Calculate i(6).
-6
Suppose -10 = 5*x - 0. Let a = 1 - x. Suppose a*c + y = 1, -2*c - y = 2*c. Let u(k) = -6*k**3 - 2*k**2 + 1. Calculate u(c).
5
Let v(d) be the third derivative of d**4/12 + d**3/3 + 2*d**2. Suppose 6 = -3*w - 4*b, -w + 4*w + 2*b = 0. Give v(w).
6
Let k(x) be the first derivative of -x**2/2 + 1. Suppose 0 = -3*u + 12, 5*u = -2*s + 3*u. Let b be k(s). Let y(w) = w**2 - 4*w + 3. Calculate y(b).
3
Let k(y) be the first derivative of 1/12*y**4 + 0*y**3 + 3/2*y**2 + 1/60*y**5 + 0*y + 2. Let c(o) be the second derivative of k(o). Determine c(-4).
8
Let j be 46/8 + (-6)/8. Suppose -4*c + 14 - 2 = -4*i, 27 = 2*c + j*i. Let w(m) = -m**3 + 6*m**2 - 2*m + 6. Calculate w(c).
-6
Let l be 4/18 - 375/(-135). Let j(k) be the third derivative of k**4/24 + 2*k**3/3 + k**2. Determine j(l).
7
Let f(c) = -4 - c**2 + 5*c**2 + 27*c**3 - 26*c**3 + 2*c. Give f(-3).
-1
Let n(q) = -q**3 - q**2 - 2*q - 3. Let j(f) = f**3 + 7*f**2 - 9*f - 4. Let h be j(-8). Let k = -6 + h. Calculate n(k).
5
Let j(g) = g**3 - g**2 - g + 1. Let p(o) = -4*o**3 + 10*o**2 - 2*o - 5. Let h(l) = 3*j(l) + p(l). Suppose -3*v - 18 = -36. Give h(v).
4
Suppose -2*j + 36 = 2*j. Let f(o) = j*o - 1 - 16*o - 9*o + 0. Give f(1).
-17
Suppose 0 = -5*o + 2 - 32. Let t(b) = b**3 + 5*b**2 - 5*b - 9. Determine t(o).
-15
Suppose 0*g = 3*g - 21. Let z(l) = -11*l**2 + 9*l - 9. Let b(y) = 5*y**2 - 5*y + 5. Let s(i) = 9*b(i) + 4*z(i). Determine s(g).
-5
Let j(m) = 4*m**2 - 5*m**2 - 4*m**2. Let i(x) = -x**3 + 2*x**2 - 1. Let d be i(2). Calculate j(d).
-5
Let d(p) = -6*p + 3. Let g = -1 - -5. Let y(v) be the second derivative of -11*v**3/6 + 5*v**2/2 + 6*v. Let r(l) = g*y(l) - 7*d(l). Give r(2).
-5
Let h(d) = d**3 + 1 - 3*d**3 + d - 2 + 12*d**3. Calculate h(1).
10
Suppose 3 = 5*r - 7. Let f(p) = -2 - p - 3*p + 2*p. What is f(r)?
-6
Let q(l) = l - 6. Let c be q(3). Let s(i) = -5*i**2 - 4*i - 4 + 2*i**2 + 0*i**2 - i**3. Determine s(c).
8
Let a(k) = -k + 1. Let l(u) = -u**3 - 7*u**2 + u + 3. Suppose 4 = -3*b + b + 2*x, -4*b = -3*x + 4. Suppose -b*o - 3 = 11. Let d be l(o). Give a(d).
5
Let b(j) = -j**3 - 4*j**2 + 6*j + 3. Suppose -18 = 2*s + 4*v, 4*s + 5*v + 7 = -23. Give b(s).
-2
Let j(z) = 9*z**2 + 2*z + 33. Let l(f) = 4*f**2 + f + 16. Let y(m) = -3*j(m) + 7*l(m). Give y(0).
13
Let r = -3 + 1. Suppose 2*y + 0*t - 55 = t, -t = -5*y + 145. Let z be (r/3)/((-20)/y). Let k(p) = 6*p - 1. Calculate k(z).
5
Let l(w) = w**2 - 17*w + 27. Let m be l(15). Let g(d) = 3*d + 1. Calculate g(m).
-8
Let t(u) = u + 11. Let v(l) = l**3 + 11*l**2 + 13*l + 24. Let y be v(-10). What is t(y)?
5
Let t(d) = -2*d + 3. Let k(q) = 3*q - 4. Suppose -y - y = -10. Let p(w) = y*k(w) + 7*t(w). Determine p(5).
6
Suppose u - 2 = 3. Suppose -3*m = -u*m. Let b(p) = p - 5. Determine b(m).
-5
Let v(n) = -n**3 - 2*n**2 + 5*n + 3. Let m(s) = -s**2 + s + 17. Let a be m(0). Suppose -5*i + 2 = a. Give v(i).
-3
Let g(w) be the first derivative of -w**2/2 - 2*w - 1. Let m(h) = -h - 13. Let y be m(-8). What is g(y)?
3
Suppose 0*q = -2*q + 6. Let z(w) = w - w**2 - 4*w + q + 4. Suppose 3*g = -9 - 6. Determine z(g).
-3
Let l(j) = j**2 + 2*j - 4. Let x be l(-3). Let t = x + 1. Let d(p) = p - 1. Let v(r) = r**2 - 4*r + 5. Let q(w) = 4*d(w) + v(w). Calculate q(t).
1
Let q(a) = -3*a**3 + 3*a**2 + 4*a. Let l(z) = 7*z**3 - 6*z**2 - 9*z + 1. Let r(g) = -2*l(g) - 5*q(g). Suppose 20 = 5*v + 5. Determine r(v).
-8
Let s(m) = -7*m**3 + 2*m**2 + 2*m + 1. Suppose l - 8 = -l. Suppose l*n - 2*n = -2. Give s(n).
8
Suppose -5*y - 24 = -y. Let m be (-7 + 5)*y/4. Let r(t) = -t + 0*t + 3*t - 3. Give r(m).
3
Let y(o) = -o**2 + 6*o - 2. Suppose -4*m = -3*m - 3. Let d = m - -1. Calculate y(d).
6
Let f(u) be the first derivative of -1/2*u**2 - 11 + u. Suppose -3*y = -2*y + 4. Give f(y).
5
Let z(r) = -r**3 + 5*r**2 - 4. Suppose -5*q + 0*q + 2*f = -28, 0 = 2*q - f - 12. Suppose q = -0*n + n. What is z(n)?
12
Let y be (0 - 0 - 0)/(-1). Let w(l) be the third derivative of -l**2 + 1/12*l**4 + y + 0*l - 1/60*l**6 + 0*l**3 - 1/30*l**5. Determine w(-2).
4
Let y be 3/(0/(-2) - -1). Let p(x) = 4 + y*x + 2 - 2*x. Let c be 0/(2 - 0) + 0. What is p(c)?
6
Let f = -3 - 1. Let w be 6/f*(-24)/(-9). Let l(n) = -n - 5. Give l(w).
-1
Let c(n) = -n**3 - n - 5. Let b be 606/66 + (-4)/22. Suppose 2*u - 7 - b = 0. Let g = u - 8. Give c(g).
-5
Let l(i) be the second derivative of i**5/20 - 5*i**4/12 + i**3/3 - i**2/2 + 6*i. Calculate l(5).
9
Let t(c) be the third derivative of 0 + 1/3*c**3 + 0*c + 1/24*c**4 + 2*c**2. Suppose -7 - 2 = 2*d + m, -d - 4 = m. What is t(d)?
-3
Let t(o) = -2*o + 4 - o + o. Let v(l) = l**2 - 5*l + 4. Let p be v(5). What is t(p)?
-4
Suppose -21 = 8*q - q. Let t(w) = -w**2 - w + 1. Let y(l) = -6*l**2 - 7*l + 3. Let h(m) = 5*t(m) - y(m). What is h(q)?
5
Let l(f) = f**2 - 3*f - 4. Let p(b) = -b**2 + 2*b + 3. Let k(j) = 2*l(j) + 3*p(j). Let o(n) = -n**3 + 2*n**2 + 7*n + 3. Let z be o(4). Give k(z).
0
Suppose 5*h + 4*m + 5 = -10, -4*m + 6 = 2*h. Let q(s) = -s**2 - 9*s - 13 + 2*s + 4 + 3. Calculate q(h).
-6
Let n(w) be the third derivative of -w**6/120 - w**5/12 + 7*w**3/6 + 3*w**2. What is n(-5)?
7
Let h(q) = -2*q - 7. L